 11 - 61) + 10)
42
What is -2 + 3 + -9 - (61 + -26 + -16)?
-27
Evaluate -66 + 132 - (-18 - -44).
40
(29 - (20 - 10)) + -3 - (-3 + -3)
22
Calculate (-18 - 55) + -9 + 40.
-42
-40 - -2 - (-38 + -30)
30
What is (-67 - -42 - ((-1 - 4) + 0)) + 14?
-6
Evaluate 15 + -8 + -32 + 50 + (2 - -13).
40
Evaluate -4 + (7 + -30 - -28) + (1 - 69).
-67
(30 - (-3 - 9)) + (25 - (0 + 30 - 14))
51
What is (-81 - (10 - (-2 - -9) - -13)) + -19?
-116
What is (0 - (1 - (31 - 12))) + -10?
8
What is the value of -95 + 3 - (1 - 96 - -60)?
-57
Evaluate (49 - 1) + 9 + 1 + 40 + -55.
43
(3 - (6 - 0)) + 4 + -1633 + 1604
-28
68 - 14 - 44 - (51 - -4)
-45
81 - ((0 + 0 - 7) + (-60 + 44 - -15))
89
-17 + -15 + 57 + 1
26
Evaluate 153 + -24 - 55 - 29.
45
Calculate (21 - (4 + 15)) + 30 + 10.
42
What is -83 + 37 - (-74 - -10)?
18
What is the value of -10 - 1 - (66 - 43 - 28) - (66 + 23)?
-95
(20 - 3) + 36 - 12
41
-17 + (-121 + 93 - (7 - 12))
-40
-6 + 1 - (-4 + (19 - 28)) - (-58 - -73)
-7
What is the value of 2 + -12 + 2 - 17 - (22 - 1)?
-46
Evaluate 5 + 10 - 8 - (24 + -41 + (1 - -19)).
4
What is 13 - (16 - (-14 + 18 - -22)) - 3?
20
Calculate -8 + (4 + 10 + -20 - (-1 - -5 - 31)).
13
Evaluate -1 + (-8 - 9 - (20 - 96)) + -1 + 9.
66
Calculate (1 - -21 - 3) + -1813 + 1801 + -24.
-17
(23 - 7 - 23) + (1 - (33 + -3))
-36
Evaluate -19 - (-15 - (-52 + -37 + 8)).
-85
What is the value of -7 + (5 - 4) + 8 + -206 + 246?
42
What is -5 - -25 - 83 - -42?
-21
Calculate (0 + 7 - (4 - (-94 - 1))) + 5.
-87
Calculate -3 + 1 + -2 - (60 + -141 + 66).
11
What is 17 + -16 + -74 + -2 + 18?
-57
Evaluate 12 + (-5 + 13 - 19) + (15 - 3).
13
Calculate (3 + -10 + -18 - 4) + -30.
-59
Evaluate 61 - (14 - (37 + -30 + 0)).
54
Evaluate (13 - -125) + -38 - 21.
79
What is the value of 8 + (-2 - ((12 - 2) + -3 + 0)) + 40?
39
Calculate 3 - (26 - (-22 + 38)) - -42.
35
Calculate (-87 - -92) + (-5 - (4 + 4)) + -14.
-22
Evaluate -178 + 168 - (-1 + 1 - -3 - -1).
-14
-37 - (5 + 2 + -11 + 2 + -14 + 9)
-30
Evaluate -66 - (-174 - -80) - -45.
73
What is 46 - (-45 + (46 - -8))?
37
Evaluate 18 + -2 + -14 - (-4 - (6 - 8) - 40).
44
Evaluate -6 + -29 + -35 + 51.
-19
Evaluate -17 + -15 + 18 + -1 + -5 - -8.
-12
What is the value of -68 - ((120 - 58) + -71)?
-59
(-55 - (9 + (18 - -19) + -28)) + (9 - 1)
-65
What is 2 + -168 + 67 - (-19 + -1)?
-79
What is the value of (29 - -6 - -3 - (-4 - 0)) + 123 + -121?
44
What is -16 - ((-68 - 15 - 0) + 24)?
43
Evaluate (-7 - -4) + -21 + -7 + 31.
0
Evaluate -21 - ((-7 + 7 - 1) + 16 + -13).
-23
What is -3582 + 3588 - ((0 - 3) + 1 + 61)?
-53
What is the value of 50 + -88 + (-39 - -50)?
-27
Calculate -111 + 118 + -2 + -1 - (6 - 6).
4
Calculate 15 + -40 - (-4 - (2 - 3) - -7).
-29
39 + -11 + -51 + -52
-75
What is the value of 20 + 2 + -8 - (4 - (-5 - -42))?
47
Evaluate -46 - (-4 + (22 + -23 + 12 + -29 - -12)).
-36
What is -1 - 11 - (37 + (30 - 107) - -166)?
-138
Evaluate 124 + -48 - (-7 - -48).
35
Calculate -1 + -2 + 3 + (10 - -82 - (1 - -14)).
77
What is 22 + 0 - ((15 - 16 - (6 + -5)) + 2)?
22
Calculate 1 + -1 + 0 + 42 + (462 - 934) + 475.
45
What is -49 - (3 - (3 - -4) - -19)?
-64
What is the value of 24 - (30 + -18 + 70 + -14)?
-44
Evaluate -21 + (72 - 27) + -78 - (-4 + -2).
-48
Evaluate (-1 + 0 - -2 - (-12 - -10)) + 6.
9
What is -42 + 29 + 12 - -21?
20
Calculate (12 + -1 - (-7 - (-10 + 16 - 22))) + 71.
73
Evaluate (16 + -1 - 24 - 12) + 36.
15
Calculate 10 + -1 + -7 + 11 + -9 + -41.
-37
Calculate -73 - (-82 - (27 + -63)).
-27
13818 + -13791 - (-51 - (3 + -2))
79
Evaluate (-3 + -1 + -32 + (-22 - -134) - 10) + -7.
59
What is 11 + (2 - (13 + 2)) + (-31 - -53)?
20
Evaluate (-1758 - -1751) + 1 + 1.
-5
0 + 6 + (-69 + 82 - 79)
-60
47 - (-92 - -11 - -116)
12
Evaluate -4 - (69 + 3) - (19 - (-17 + 11 - -16)).
-85
What is -16 - 0 - -8 - ((77 - 40) + 36)?
-81
Calculate (21 - -1) + (-93 - (-5 - 57)).
-9
What is 11 + -1 + -4 - (57 - 41)?
-10
Calculate -93 + -25 + 20 - -55.
-43
What is the value of (-1 - -5) + (-20 - (-2 - (-19 + -10))) + -14?
-57
6 + 0 - (-53 + (1 - 1) + 35 + -38)
62
(83 + -116 - 22) + 205
150
Evaluate -58 + 5 + 37 + (-2 - 0).
-18
62 + -137 + -59 + 173
39
6 + (2 - 0) + -112 + 111
7
What is the value of (32 - 5) + -6 + -37?
-16
What is (-29 + (64 - 33) - -44) + 15?
61
What is the value of -20 + (15 - 11) + 8 - (78 - 12)?
-74
What is -52 + -10 + 54 + 46?
38
What is the value of 10 + -97 + 62 + 54?
29
What is 8 + -1 + 0 - (6 - (44 - 60))?
-15
-6 - ((-23 - -12 - -20 - -2) + -4)
-13
Calculate 5 + -137 - -40 - 33.
-125
Evaluate 14 - (8 + (-2 - 12) - (-10 + 1)).
11
-52 + 47 + -22 + (-11 - (-13 - -11))
-36
What is 45 - (24 - 9) - 19?
11
-643 + 547 + (-6 - -55)
-47
What is the value of 2 + (1 - 16 - -3) + (847 - 803)?
34
Calculate 23 - (2 - -5 - ((4 - 6) + -3)).
11
What is 35 + (-49 - (8 + 33 - 54))?
-1
Evaluate -37 + (4 - (-13 - 20)) + -3 + -2.
-5
Evaluate (1 - 9) + 7 + (-20 - (10 + -3) - 1).
-29
What is 45 + (3 + -3 - 76)?
-31
Evaluate -50 + (4 + -26 - -82).
10
What is 6 - (-3 + -6 + 2 - -5) - -64?
72
(-2 - -14) + -16 + 0 + -84 - (6 + 5)
-99
Calculate 18 + 0 + 64 + (-36 - 28).
18
What is 13 + (19 - (62 + -5)) + 77?
52
Calculate (-991 - -899) + 26 + -3 + 4.
-65
What is 152 + -135 - (-2 + 33) - -43?
29
137 - 180 - (-123 - -25)
55
What is the value of -132 - (141 + -274) - (0 + 3)?
-2
Evaluate 1 + 22 - (1 + (20 - 24) + 4).
22
What is -20 - (-76 + -8 - -15) - (0 + 3)?
46
8 + -36 + 39 + (-16 - -1) - (-94 - 1)
91
What is the value of (-50 - -2) + 75 - 44?
-17
Evaluate 0 + -2 + (151 - (17 + 4) - 30) - -14.
112
-14 + -5 + -29 + -10 + 15
-43
What is the value of (-20 - 45) + (-82 - -151)?
4
Calculate -129 + 100 + -127 - -11.
-145
What is the value of (2 - 9) + 31 + (-1 - (-8 - 1))?
32
Evaluate -2 + 78 + -7 - (16 - 7).
60
What is the value of -1 + -2 + -19 + (33 - (8 - -9))?
-6
What is -1 + 87 + -173 + 95?
8
0 - -12 - (3 + 37 + 1 + -1)
-28
What is (0 - -6) + -12 + (0 - -57)?
51
What is 86 + (-18 - -24 - (4 + (22 - (5 - -5))))?
76
What is the value of -2 - (-4 - -36 - 33 - 3)?
2
Calculate -13 - (0 + -3) - 14 - -26.
2
Evaluate -2 + -2 + (-17 + 15 - (-3 - -7)).
-10
Calculate 27 - (19 + -19 - 21) - 14.
34
What is the value of (-2 - 59) + (-912 - -920)?
-53
What is 5 - (36 - (-8 + 33) - (2 - (-1 + 11)))?
-14
What is -4 - -5 - -41 - (-561 - -530)?
73
What is the value of ((19 - 14) + 21 - 38) + -1 + 46?
33
What is 23 + -13 - (-21 + 115 + -15)?
-69
Calculate (15 + -4 + 3 - 5) + 213 + -169.
53
0 + -4 - (12558 + -12512)
-50
Evaluate (0 - (-10 + 3 - -3)) + (13 - (-51 - -20)).
48
What is the value of 15 + 28 + (-11 + 38 - 27) + 4 + -1?
46
Evaluate (31 - 62) + 10 + 2 + 0 + -1.
-20
Calculate 3 - (-6 - -4 - (2 - 11)) - -43.
39
What is (7 - 26 - (-48 + 20)) + (-1 - -3 - -2)?
13
Evaluate (41 - 35) + -13 + -12 + -17.
-36
Calculate 1 + 20 - (13 - (34 - (47 - 7))).
2
Calculate -974 + 963 - (15 - (0 - -3 - 0)).
-23
What is 69 + 1 + (6 - (-14 + 41))?
49
Calculate -58 + (-10 - (-1 + -33)) - (0 - 2 - -8).
-40
12 + 14 + -23 + 32
35
What is -39 + (-4 - -33) + (0 - -5) + 10?
5
What is the value of 14 - (-2 + -10 + 26) - (-8 + 40)?
-32
What is -448 - -452 - (-2 - (4 - 2))?
8
Evaluate 0 - (25 + 3 + -15 - -5) - -97.
79
What is -76 + 47 + (29 - -36)?
36
32 - ((24 - 20) + (-1 - -12)) - 95
-78
Calculate (-51 - 11) + -1 + 66.
3
Calculate (-18 - -66) + 12 + (0 + 20 - 10) + -6.
64
Calculate 53 - (-83 - (-86 - -30)).
80
What is (-41 - (1 - 1)) + (110 - 33) + -66?
-30
What is the value of 88 + -115 + (-66 - -2)?
-91
Calculate (118 - (236 - 135)) + (1 - 77) - -13.
-46
What is 11 - -8 - ((-39 - -20 - -15) + 4)?
19
Calculate 32 - (35 + 0 - -24).
-27
-30 - (9 + -38 - 29)
28
What is -52 + (-21 - (-85 - -94))?
-82
What is the value of -6 + -39 + 34 + -56?
-67
Calculate 2 - 3 - (-682 - -691).
-10
Calculate -107 + (36 - 18) + 47.
-42
(-100 - -130) + -2 + -9 + 2 + -7 - -36
50
Evaluate (-11 - 0 - (-5 + 5)) + (-152 - -226) + -76.
-13
What is the value of (6 - (-18 - 18)) + -4 + -18?
20
60 + (-24 + 28 - -7 - (-1 + 7)) + -11
54
What is (-37 - -28) + -9 + 60 + 13?
55
Evaluate 24 - (-8 - ((-4 - -4) + (-8 - -9))).
33
-23 + 14 + -47 - (-12 + -3)
-41
Evaluate (47 - -19) + -131 + 74.
9
What is the value of 1 + 36 + -8 + -34 + (0 - -5) + -15?
-15
What is the value of (-23 - 154 - -179) + (-55 + (-1 - -1) - 0)?
-53
Evaluate 84 + (16 - 58) - (5 + 88).
-51
Calculate -71 + 49 + 27